{"id":1380,"date":"2021-11-15T15:05:49","date_gmt":"2021-11-15T14:05:49","guid":{"rendered":"https:\/\/www.directpotager.fr\/blog\/?page_id=1380"},"modified":"2023-01-28T15:05:46","modified_gmt":"2023-01-28T14:05:46","slug":"non-classe","status":"publish","type":"page","link":"https:\/\/www.directpotager.fr\/blog\/non-classe\/","title":{"rendered":"VID\u00c9OS"},"content":{"rendered":"\n<iframe loading=\"lazy\" width=\"560\" height=\"315\" src=\"https:\/\/www.youtube.com\/embed\/GJvqDv6SUWY\" title=\"YouTube video player\" frameborder=\"0\" allow=\"accelerometer; autoplay; clipboard-write; encrypted-media; gyroscope; picture-in-picture\" allowfullscreen=\"\"><\/iframe>\n\n\n\n<p><\/p>\n\n\n\n<p>DIRECTPOTAGER : UNE INITIATIVE TR\u00c8S NATURBAINE !<\/p>\n\n\n\n<p>&#8220;Vous cultivez votre jardin. L\u2019abondance de votre r\u00e9colte potag\u00e8re exc\u00e8de vos besoins personnels, a d\u00e9j\u00e0 combl\u00e9 amis et familles et il vous reste quelques kilos de pommes de terre, de courgettes ou du persil en pagaille ! Ne serait-ce pas dommage de perdre tous ces bons produits ? D\u2019autant que d\u2019autres, d\u00e9pourvus de jardin en r\u00eavent ! <br>&#8230; &#8220;<\/p>\n\n\n\n<p>Retrouvez l&#8217;int\u00e9gralit\u00e9 de l&#8217;article sur le magazine <strong>Hortus Focus<\/strong><br><a href=\"https:\/\/magazine.hortus-focus.fr\/blog\/2019\/11\/16\/directpotager-une-initiative-tres-naturbaine\/\" target=\"_blank\" rel=\"noreferrer noopener\">https:\/\/magazine.hortus-focus.fr\/blog\/2019\/11\/16\/directpotager-une-initiative-tres-naturbaine\/<\/a><\/p>\n","protected":false},"excerpt":{"rendered":"<p>DIRECTPOTAGER : UNE INITIATIVE TR\u00c8S NATURBAINE ! &#8220;Vous cultivez votre jardin. L\u2019abondance de votre r\u00e9colte potag\u00e8re exc\u00e8de vos besoins personnels, a d\u00e9j\u00e0 combl\u00e9 amis et familles et il vous reste quelques kilos de pommes de terre, de courgettes ou du persil en pagaille ! Ne serait-ce pas dommage de perdre tous ces bons produits ? [&hellip;]<\/p>\n","protected":false},"author":1,"featured_media":0,"parent":0,"menu_order":0,"comment_status":"closed","ping_status":"closed","template":"","meta":{"footnotes":""},"class_list":["post-1380","page","type-page","status-publish","hentry"],"yoast_head":"<!-- This site is optimized with the Yoast SEO plugin v27.1.1 - https:\/\/yoast.com\/product\/yoast-seo-wordpress\/ -->\n<title>VID\u00c9OS - LE BLOG<\/title>\n<meta name=\"robots\" content=\"index, follow, max-snippet:-1, max-image-preview:large, max-video-preview:-1\" \/>\n<link rel=\"canonical\" href=\"https:\/\/www.directpotager.fr\/blog\/non-classe\/\" \/>\n<meta property=\"og:locale\" content=\"fr_FR\" \/>\n<meta property=\"og:type\" content=\"article\" \/>\n<meta property=\"og:title\" content=\"VID\u00c9OS - LE BLOG\" \/>\n<meta property=\"og:description\" content=\"DIRECTPOTAGER : UNE INITIATIVE TR\u00c8S NATURBAINE ! &#8220;Vous cultivez votre jardin. L\u2019abondance de votre r\u00e9colte potag\u00e8re exc\u00e8de vos besoins personnels, a d\u00e9j\u00e0 combl\u00e9 amis et familles et il vous reste quelques kilos de pommes de terre, de courgettes ou du persil en pagaille ! Ne serait-ce pas dommage de perdre tous ces bons produits ? [&hellip;]\" \/>\n<meta property=\"og:url\" content=\"https:\/\/www.directpotager.fr\/blog\/non-classe\/\" \/>\n<meta property=\"og:site_name\" content=\"LE BLOG\" \/>\n<meta property=\"article:publisher\" content=\"http:\/\/www.facebook.com\/directpotager\" \/>\n<meta property=\"article:modified_time\" content=\"2023-01-28T14:05:46+00:00\" \/>\n<meta property=\"og:image\" content=\"https:\/\/www.directpotager.fr\/blog\/wp-content\/uploads\/2019\/06\/IMG_0721.jpg\" \/>\n\t<meta property=\"og:image:width\" content=\"645\" \/>\n\t<meta property=\"og:image:height\" content=\"634\" \/>\n\t<meta property=\"og:image:type\" content=\"image\/jpeg\" \/>\n<meta name=\"twitter:card\" content=\"summary_large_image\" \/>\n<meta name=\"twitter:site\" content=\"@dpotager\" \/>\n<meta name=\"twitter:label1\" content=\"Est. reading time\" \/>\n\t<meta name=\"twitter:data1\" content=\"1 minute\" \/>\n<!-- \/ Yoast SEO plugin. -->","yoast_head_json":{"title":"VID\u00c9OS - LE BLOG","robots":{"index":"index","follow":"follow","max-snippet":"max-snippet:-1","max-image-preview":"max-image-preview:large","max-video-preview":"max-video-preview:-1"},"canonical":"https:\/\/www.directpotager.fr\/blog\/non-classe\/","og_locale":"fr_FR","og_type":"article","og_title":"VID\u00c9OS - LE BLOG","og_description":"DIRECTPOTAGER : UNE INITIATIVE TR\u00c8S NATURBAINE ! &#8220;Vous cultivez votre jardin. L\u2019abondance de votre r\u00e9colte potag\u00e8re exc\u00e8de vos besoins personnels, a d\u00e9j\u00e0 combl\u00e9 amis et familles et il vous reste quelques kilos de pommes de terre, de courgettes ou du persil en pagaille ! Ne serait-ce pas dommage de perdre tous ces bons produits ? [&hellip;]","og_url":"https:\/\/www.directpotager.fr\/blog\/non-classe\/","og_site_name":"LE BLOG","article_publisher":"http:\/\/www.facebook.com\/directpotager","article_modified_time":"2023-01-28T14:05:46+00:00","og_image":[{"width":645,"height":634,"url":"https:\/\/www.directpotager.fr\/blog\/wp-content\/uploads\/2019\/06\/IMG_0721.jpg","type":"image\/jpeg"}],"twitter_card":"summary_large_image","twitter_site":"@dpotager","twitter_misc":{"Est. reading time":"1 minute"},"schema":{"@context":"https:\/\/schema.org","@graph":[{"@type":"WebPage","@id":"https:\/\/www.directpotager.fr\/blog\/non-classe\/","url":"https:\/\/www.directpotager.fr\/blog\/non-classe\/","name":"VID\u00c9OS - LE BLOG","isPartOf":{"@id":"https:\/\/www.directpotager.fr\/blog\/#website"},"datePublished":"2021-11-15T14:05:49+00:00","dateModified":"2023-01-28T14:05:46+00:00","breadcrumb":{"@id":"https:\/\/www.directpotager.fr\/blog\/non-classe\/#breadcrumb"},"inLanguage":"fr-FR","potentialAction":[{"@type":"ReadAction","target":["https:\/\/www.directpotager.fr\/blog\/non-classe\/"]}]},{"@type":"BreadcrumbList","@id":"https:\/\/www.directpotager.fr\/blog\/non-classe\/#breadcrumb","itemListElement":[{"@type":"ListItem","position":1,"name":"Home","item":"https:\/\/www.directpotager.fr\/blog\/"},{"@type":"ListItem","position":2,"name":"VID\u00c9OS"}]},{"@type":"WebSite","@id":"https:\/\/www.directpotager.fr\/blog\/#website","url":"https:\/\/www.directpotager.fr\/blog\/","name":"LE BLOG","description":"Direct Potager - Direct Producteur","publisher":{"@id":"https:\/\/www.directpotager.fr\/blog\/#organization"},"potentialAction":[{"@type":"SearchAction","target":{"@type":"EntryPoint","urlTemplate":"https:\/\/www.directpotager.fr\/blog\/?s={search_term_string}"},"query-input":{"@type":"PropertyValueSpecification","valueRequired":true,"valueName":"search_term_string"}}],"inLanguage":"fr-FR"},{"@type":"Organization","@id":"https:\/\/www.directpotager.fr\/blog\/#organization","name":"LE BLOG","url":"https:\/\/www.directpotager.fr\/blog\/","logo":{"@type":"ImageObject","inLanguage":"fr-FR","@id":"https:\/\/www.directpotager.fr\/blog\/#\/schema\/logo\/image\/","url":"https:\/\/www.directpotager.fr\/blog\/wp-content\/uploads\/2021\/11\/cropped-logo-baseline-v3-LEBLOG.png","contentUrl":"https:\/\/www.directpotager.fr\/blog\/wp-content\/uploads\/2021\/11\/cropped-logo-baseline-v3-LEBLOG.png","width":350,"height":113,"caption":"LE BLOG"},"image":{"@id":"https:\/\/www.directpotager.fr\/blog\/#\/schema\/logo\/image\/"},"sameAs":["http:\/\/www.facebook.com\/directpotager","https:\/\/x.com\/dpotager","https:\/\/www.instagram.com\/directpotager\/?hl=fr"]}]}},"_links":{"self":[{"href":"https:\/\/www.directpotager.fr\/blog\/wp-json\/wp\/v2\/pages\/1380","targetHints":{"allow":["GET"]}}],"collection":[{"href":"https:\/\/www.directpotager.fr\/blog\/wp-json\/wp\/v2\/pages"}],"about":[{"href":"https:\/\/www.directpotager.fr\/blog\/wp-json\/wp\/v2\/types\/page"}],"author":[{"embeddable":true,"href":"https:\/\/www.directpotager.fr\/blog\/wp-json\/wp\/v2\/users\/1"}],"replies":[{"embeddable":true,"href":"https:\/\/www.directpotager.fr\/blog\/wp-json\/wp\/v2\/comments?post=1380"}],"version-history":[{"count":6,"href":"https:\/\/www.directpotager.fr\/blog\/wp-json\/wp\/v2\/pages\/1380\/revisions"}],"predecessor-version":[{"id":2520,"href":"https:\/\/www.directpotager.fr\/blog\/wp-json\/wp\/v2\/pages\/1380\/revisions\/2520"}],"wp:attachment":[{"href":"https:\/\/www.directpotager.fr\/blog\/wp-json\/wp\/v2\/media?parent=1380"}],"curies":[{"name":"wp","href":"https:\/\/api.w.org\/{rel}","templated":true}]}}