{"id":1658,"date":"2022-01-25T15:58:00","date_gmt":"2022-01-25T14:58:00","guid":{"rendered":"https:\/\/www.directpotager.fr\/blog\/?page_id=1658"},"modified":"2024-06-22T14:53:49","modified_gmt":"2024-06-22T12:53:49","slug":"ateliers-jardinage","status":"publish","type":"page","link":"https:\/\/www.directpotager.fr\/blog\/ateliers-jardinage\/","title":{"rendered":"LES ATELIERS DE JARDINAGE POUR LES ENFANTS"},"content":{"rendered":"\n<h1 class=\"wp-block-heading\">D\u00e9couvrez tous les ateliers d&#8217;Artisanat pour les enfants et les familles avec notre partenaire Wecandoo<\/h1>\n\n\n\n<p>D\u00e9couvrez les<strong> <a href=\"https:\/\/wecandoo.fr\/ateliers?savoir-faire=8%7C%7CV%C3%A9g%C3%A9tal&amp;tags=90%7C%7CEnfants+et+famille&amp;clickID=446&amp;ae=446&amp;aev=DIRECTPOTAGER\" target=\"_blank\" rel=\"noreferrer noopener\">ateliers pour les enfants et les familles.<\/a><\/strong> Un atelier Wecandoo, c\u2019est une exp\u00e9rience pour le c\u0153ur et les sens au coin de sa rue avec de passionnants passionn\u00e9s qu\u2019on aurait jamais imagin\u00e9 croiser ailleurs. Notre objectif : imaginer des formats d\u2019ateliers accessibles \u00e0 tous pour remettre l\u2019Artisanat dans notre quotidien !<\/p>\n\n\n\n<figure class=\"wp-block-image size-large\"><a href=\"https:\/\/wecandoo.fr\/ateliers?savoir-faire=8%7C%7CV%C3%A9g%C3%A9tal&amp;tags=90%7C%7CEnfants+et+famille&amp;clickID=446&amp;ae=446&amp;aev=DIRECTPOTAGER\" target=\"_blank\" rel=\"sponsored noopener\"><img loading=\"lazy\" decoding=\"async\" width=\"1024\" height=\"535\" src=\"https:\/\/www.directpotager.fr\/blog\/wp-content\/uploads\/2023\/02\/atelier_jardinage_enfants-1024x535.jpg\" alt=\"atelier_jardinage\" class=\"wp-image-2797\" srcset=\"https:\/\/www.directpotager.fr\/blog\/wp-content\/uploads\/2023\/02\/atelier_jardinage_enfants-1024x535.jpg 1024w, https:\/\/www.directpotager.fr\/blog\/wp-content\/uploads\/2023\/02\/atelier_jardinage_enfants-300x157.jpg 300w, https:\/\/www.directpotager.fr\/blog\/wp-content\/uploads\/2023\/02\/atelier_jardinage_enfants-768x401.jpg 768w, https:\/\/www.directpotager.fr\/blog\/wp-content\/uploads\/2023\/02\/atelier_jardinage_enfants-110x57.jpg 110w, https:\/\/www.directpotager.fr\/blog\/wp-content\/uploads\/2023\/02\/atelier_jardinage_enfants-420x219.jpg 420w, https:\/\/www.directpotager.fr\/blog\/wp-content\/uploads\/2023\/02\/atelier_jardinage_enfants-770x402.jpg 770w, https:\/\/www.directpotager.fr\/blog\/wp-content\/uploads\/2023\/02\/atelier_jardinage_enfants.jpg 1200w\" sizes=\"auto, (max-width: 1024px) 100vw, 1024px\" \/><\/a><\/figure>\n\n\n\n<h2 class=\"wp-block-heading\"><a href=\"https:\/\/wecandoo.fr\/ateliers?savoir-faire=8%7C%7CV%C3%A9g%C3%A9tal&amp;tags=90%7C%7CEnfants+et+famille&amp;clickID=446&amp;ae=446&amp;aev=DIRECTPOTAGER\" target=\"_blank\" rel=\"noreferrer noopener sponsored nofollow\">Les ateliers de jardinage<\/a> pour les enfants&nbsp;<\/h2>\n\n\n\n<p>sont une bonne occasion de les sensibiliser \u00e0 la nature. C\u2019est aussi un moment pour \u00e9voquer les enjeux de l\u2019\u00e9cologie et de l\u2019environnement.<\/p>\n\n\n\n<p>Ainsi, proposez leur un<strong> atelier cr\u00e9atif<\/strong>, comme un atelier de jardinage pour les enfants pendant <strong>les petites ou les grandes vacances<\/strong> ! Voici un petit tour d\u2019horizon des ateliers qui existent, avec au programme : d\u00e9couverte des plantes, des fruits ou de l\u00e9gumes initiation au jardinage et sensibilisation au respect de l\u2019environnement ! Aussi ces ateliers leur permettent de s\u2019impliquer dans la pr\u00e9servation et la protection de la nature.<\/p>\n\n\n\n<blockquote class=\"wp-block-quote is-layout-flow wp-block-quote-is-layout-flow\"><p><a href=\"https:\/\/wecandoo.fr\/ateliers?savoir-faire=8%7C%7CV%C3%A9g%C3%A9tal&amp;tags=90%7C%7CEnfants+et+famille&amp;clickID=446&amp;ae=446&amp;aev=DIRECTPOTAGER\" target=\"_blank\" rel=\"noreferrer noopener sponsored nofollow\">EN SAVOIR PLUS<\/a><\/p><\/blockquote>\n\n\n\n<hr class=\"wp-block-separator\"\/>\n\n\n\n<h2 class=\"wp-block-heading\">Quelques exemples d&#8217;atelier de jardinage pour les enfants et en famille :<\/h2>\n\n\n\n<div class=\"wp-block-columns is-layout-flex wp-container-core-columns-is-layout-9d6595d7 wp-block-columns-is-layout-flex\">\n<div class=\"wp-block-column is-layout-flow wp-block-column-is-layout-flow\">\n<p><a href=\"https:\/\/wecandoo.fr\/atelier\/paris-marie-caroline-terrarium-duo-parent-enfant#ae446&amp;aevDirectPotager?source=directpotager&amp;utm_medium=affiliation#ae446\" target=\"_blank\" rel=\"noreferrer noopener sponsored nofollow\">CR\u00c9EZ VOTRE TERRARIUM EN DUO AVEC VOTRE ENFANT<\/a><\/p>\n\n\n\n<figure class=\"wp-block-image size-full\"><a href=\"https:\/\/wecandoo.fr\/atelier\/paris-marie-caroline-terrarium-duo-parent-enfant#ae446&amp;aevDirectPotager\" target=\"_blank\" rel=\"sponsored noopener\"><img loading=\"lazy\" decoding=\"async\" width=\"900\" height=\"600\" src=\"https:\/\/www.directpotager.fr\/blog\/wp-content\/uploads\/2023\/04\/atelier_agriculture_enfants.jpeg\" alt=\"atelier de jardinage pour les enfants : CR\u00c9EZ VOTRE TERRARIUM EN DUO AVEC VOTRE ENFANT \" class=\"wp-image-2978\" srcset=\"https:\/\/www.directpotager.fr\/blog\/wp-content\/uploads\/2023\/04\/atelier_agriculture_enfants.jpeg 900w, https:\/\/www.directpotager.fr\/blog\/wp-content\/uploads\/2023\/04\/atelier_agriculture_enfants-300x200.jpeg 300w, https:\/\/www.directpotager.fr\/blog\/wp-content\/uploads\/2023\/04\/atelier_agriculture_enfants-768x512.jpeg 768w, https:\/\/www.directpotager.fr\/blog\/wp-content\/uploads\/2023\/04\/atelier_agriculture_enfants-110x73.jpeg 110w, https:\/\/www.directpotager.fr\/blog\/wp-content\/uploads\/2023\/04\/atelier_agriculture_enfants-420x280.jpeg 420w, https:\/\/www.directpotager.fr\/blog\/wp-content\/uploads\/2023\/04\/atelier_agriculture_enfants-645x430.jpeg 645w\" sizes=\"auto, (max-width: 900px) 100vw, 900px\" \/><\/a><figcaption><a href=\"https:\/\/wecandoo.fr\/atelier\/paris-marie-caroline-terrarium-duo-parent-enfant#ae446&amp;aevDirectPotager\">CR\u00c9EZ VOTRE TERRARIUM EN DUO AVEC VOTRE ENFANT<\/a><\/figcaption><\/figure>\n<\/div>\n\n\n\n<div class=\"wp-block-column is-layout-flow wp-block-column-is-layout-flow\">\n<p><a href=\"https:\/\/wecandoo.fr\/atelier\/paris-maud-camille-vegetal-cloche-fleurs-sechees?utm_medium=affiliation&amp;utm_source=DirectPotager&amp;ae=446&amp;aev=DIRECTPOTAGER\" target=\"_blank\" rel=\"noreferrer noopener sponsored nofollow\">R\u00c9ALISEZ VOTRE COMPOSITION FLORALE SOUS CLOCHE<\/a><\/p>\n\n\n\n<figure class=\"wp-block-image size-full\"><a href=\"https:\/\/wecandoo.fr\/atelier\/paris-maud-camille-vegetal-cloche-fleurs-sechees?utm_medium=affiliation&amp;utm_source=DirectPotager&amp;ae=446&amp;aev=DIRECTPOTAGER\" target=\"_blank\" rel=\"sponsored noopener\"><img loading=\"lazy\" decoding=\"async\" width=\"900\" height=\"600\" src=\"https:\/\/www.directpotager.fr\/blog\/wp-content\/uploads\/2023\/04\/composition_florale.jpeg\" alt=\"atelier de jardinage pour les enfants : R\u00c9ALISEZ VOTRE COMPOSITION FLORALE SOUS CLOCHE AVZEC VOTRE ENFANT\" class=\"wp-image-2979\" srcset=\"https:\/\/www.directpotager.fr\/blog\/wp-content\/uploads\/2023\/04\/composition_florale.jpeg 900w, https:\/\/www.directpotager.fr\/blog\/wp-content\/uploads\/2023\/04\/composition_florale-300x200.jpeg 300w, https:\/\/www.directpotager.fr\/blog\/wp-content\/uploads\/2023\/04\/composition_florale-768x512.jpeg 768w, https:\/\/www.directpotager.fr\/blog\/wp-content\/uploads\/2023\/04\/composition_florale-110x73.jpeg 110w, https:\/\/www.directpotager.fr\/blog\/wp-content\/uploads\/2023\/04\/composition_florale-420x280.jpeg 420w, https:\/\/www.directpotager.fr\/blog\/wp-content\/uploads\/2023\/04\/composition_florale-645x430.jpeg 645w\" sizes=\"auto, (max-width: 900px) 100vw, 900px\" \/><\/a><figcaption><a href=\"https:\/\/wecandoo.fr\/atelier\/paris-maud-camille-vegetal-cloche-fleurs-sechees?utm_medium=affiliation&amp;utm_source=DirectPotager&amp;ae=446&amp;aev=DIRECTPOTAGER\" target=\"_blank\" rel=\"noreferrer noopener sponsored nofollow\">R\u00c9ALISEZ VOTRE COMPOSITION FLORALE SOUS CLOCHE EN FAMILLE<\/a><\/figcaption><\/figure>\n<\/div>\n\n\n\n<div class=\"wp-block-column is-layout-flow wp-block-column-is-layout-flow\">\n<p><a href=\"https:\/\/wecandoo.fr\/atelier\/paris-celine-terrarium-parent-enfant#ae446&amp;aevDirectPotager?source=directpotager&amp;utm_medium=affiliation#ae446\" target=\"_blank\" rel=\"noreferrer noopener sponsored nofollow\">COMPOSEZ VOTRE TERRARIUM EN FAMILLE<\/a><\/p>\n\n\n\n<figure class=\"wp-block-image size-full\"><a href=\"https:\/\/wecandoo.fr\/atelier\/paris-celine-terrarium-parent-enfant#ae446&amp;aevDirectPotager?source=directpotager&amp;utm_medium=affiliation#ae446\" target=\"_blank\" rel=\"sponsored noopener\"><img loading=\"lazy\" decoding=\"async\" width=\"900\" height=\"600\" src=\"https:\/\/www.directpotager.fr\/blog\/wp-content\/uploads\/2023\/04\/terrarium.jpeg\" alt=\"atelier de jardinage pour les enfants : COMPOSEZ VOTRE TERRARIUM AVEC VOTRE ENFANT\" class=\"wp-image-2980\" srcset=\"https:\/\/www.directpotager.fr\/blog\/wp-content\/uploads\/2023\/04\/terrarium.jpeg 900w, https:\/\/www.directpotager.fr\/blog\/wp-content\/uploads\/2023\/04\/terrarium-300x200.jpeg 300w, https:\/\/www.directpotager.fr\/blog\/wp-content\/uploads\/2023\/04\/terrarium-768x512.jpeg 768w, https:\/\/www.directpotager.fr\/blog\/wp-content\/uploads\/2023\/04\/terrarium-110x73.jpeg 110w, https:\/\/www.directpotager.fr\/blog\/wp-content\/uploads\/2023\/04\/terrarium-420x280.jpeg 420w, https:\/\/www.directpotager.fr\/blog\/wp-content\/uploads\/2023\/04\/terrarium-645x430.jpeg 645w\" sizes=\"auto, (max-width: 900px) 100vw, 900px\" \/><\/a><figcaption><a href=\"https:\/\/wecandoo.fr\/atelier\/paris-celine-terrarium-parent-enfant#ae446&amp;aevDirectPotager?source=directpotager&amp;utm_medium=affiliation#ae446\" target=\"_blank\" rel=\"noreferrer noopener sponsored nofollow\">COMPOSEZ VOTRE TERRARIUM EN FAMILLE<\/a><\/figcaption><\/figure>\n<\/div>\n<\/div>\n\n\n\n<hr class=\"wp-block-separator\"\/>\n\n\n\n<h3 class=\"wp-block-heading\">LIVRES POUR ENFANT SUR LE JARDINAGE, LE POTAGER &#8230;<\/h3>\n\n\n\n<blockquote class=\"wp-block-quote is-layout-flow wp-block-quote-is-layout-flow\"><p>&gt;&gt; D\u00c9COUVREZ TOUS LES <a href=\"https:\/\/amzn.to\/3RF6mWp\" target=\"_blank\" rel=\"noreferrer noopener sponsored nofollow\">LIVRES POUR ENFANTS<\/a> Jardinage pour les enfants ; Le Potager &#8230; etc &#8230;<\/p><\/blockquote>\n\n\n\n<hr class=\"wp-block-separator\"\/>\n\n\n\n<p class=\"has-light-green-cyan-background-color has-background has-medium-font-size\">D\u00e9couvrez aussi les <a href=\"https:\/\/wecandoo.fr\/ateliers\/agriculture?clickID=446&amp;ae=446&amp;aev=DIRECTPOTAGER\" target=\"_blank\" rel=\"noreferrer noopener nofollow\">Ateliers d\u2019agriculture : stages d\u2019initiation<\/a><\/p>\n\n\n\n<p><\/p>\n\n\n\n<p><\/p>\n\n\n\n<div class=\"wp-block-image\"><figure class=\"aligncenter size-full is-resized\"><a href=\"https:\/\/www.directpotager.fr\/c\/la-boutique-direct-potager-1\" target=\"_blank\" rel=\"noopener\"><img loading=\"lazy\" decoding=\"async\" src=\"https:\/\/www.directpotager.fr\/blog\/wp-content\/uploads\/2024\/06\/bannie\u0300re-boutique-Direct-Potager.jpg\" alt=\"\" class=\"wp-image-3743\" width=\"841\" height=\"104\" srcset=\"https:\/\/www.directpotager.fr\/blog\/wp-content\/uploads\/2024\/06\/bannie\u0300re-boutique-Direct-Potager.jpg 728w, https:\/\/www.directpotager.fr\/blog\/wp-content\/uploads\/2024\/06\/bannie\u0300re-boutique-Direct-Potager-300x37.jpg 300w, https:\/\/www.directpotager.fr\/blog\/wp-content\/uploads\/2024\/06\/bannie\u0300re-boutique-Direct-Potager-110x14.jpg 110w, https:\/\/www.directpotager.fr\/blog\/wp-content\/uploads\/2024\/06\/bannie\u0300re-boutique-Direct-Potager-420x52.jpg 420w\" sizes=\"auto, (max-width: 841px) 100vw, 841px\" \/><\/a><\/figure><\/div>\n","protected":false},"excerpt":{"rendered":"<p>D\u00e9couvrez tous les ateliers d&#8217;Artisanat pour les enfants et les familles avec notre partenaire Wecandoo D\u00e9couvrez les ateliers pour les enfants et les familles. Un atelier Wecandoo, c\u2019est une exp\u00e9rience pour le c\u0153ur et les sens au coin de sa rue avec de passionnants passionn\u00e9s qu\u2019on aurait jamais imagin\u00e9 croiser ailleurs. Notre objectif : imaginer [&hellip;]<\/p>\n","protected":false},"author":1,"featured_media":0,"parent":0,"menu_order":0,"comment_status":"closed","ping_status":"closed","template":"","meta":{"footnotes":""},"class_list":["post-1658","page","type-page","status-publish","hentry"],"yoast_head":"<!-- This site is optimized with the Yoast SEO plugin v27.1.1 - https:\/\/yoast.com\/product\/yoast-seo-wordpress\/ -->\n<title>LES ATELIERS DE JARDINAGE POUR LES ENFANTS - LE BLOG<\/title>\n<meta name=\"description\" content=\"Les ateliers de jardinage pour sensibiliser les enfants \u00e0 la nature. C\u2019est aussi un moment pour \u00e9voquer les enjeux de l\u2019\u00e9cologie\" \/>\n<meta name=\"robots\" content=\"index, follow, max-snippet:-1, max-image-preview:large, max-video-preview:-1\" \/>\n<link rel=\"canonical\" href=\"https:\/\/www.directpotager.fr\/blog\/ateliers-jardinage\/\" \/>\n<meta property=\"og:locale\" content=\"fr_FR\" \/>\n<meta property=\"og:type\" content=\"article\" \/>\n<meta property=\"og:title\" content=\"LES ATELIERS DE JARDINAGE POUR LES ENFANTS - LE BLOG\" \/>\n<meta property=\"og:description\" content=\"Les ateliers de jardinage pour sensibiliser les enfants \u00e0 la nature. C\u2019est aussi un moment pour \u00e9voquer les enjeux de l\u2019\u00e9cologie\" \/>\n<meta property=\"og:url\" content=\"https:\/\/www.directpotager.fr\/blog\/ateliers-jardinage\/\" \/>\n<meta property=\"og:site_name\" content=\"LE BLOG\" \/>\n<meta property=\"article:publisher\" content=\"http:\/\/www.facebook.com\/directpotager\" \/>\n<meta property=\"article:modified_time\" content=\"2024-06-22T12:53:49+00:00\" \/>\n<meta property=\"og:image\" content=\"https:\/\/www.directpotager.fr\/blog\/wp-content\/uploads\/2023\/02\/atelier_jardinage_enfants-1024x535.jpg\" \/>\n<meta name=\"twitter:card\" content=\"summary_large_image\" \/>\n<meta name=\"twitter:site\" content=\"@dpotager\" \/>\n<meta name=\"twitter:label1\" content=\"Est. reading time\" \/>\n\t<meta name=\"twitter:data1\" content=\"2 minutes\" \/>\n<!-- \/ Yoast SEO plugin. -->","yoast_head_json":{"title":"LES ATELIERS DE JARDINAGE POUR LES ENFANTS - LE BLOG","description":"Les ateliers de jardinage pour sensibiliser les enfants \u00e0 la nature. C\u2019est aussi un moment pour \u00e9voquer les enjeux de l\u2019\u00e9cologie","robots":{"index":"index","follow":"follow","max-snippet":"max-snippet:-1","max-image-preview":"max-image-preview:large","max-video-preview":"max-video-preview:-1"},"canonical":"https:\/\/www.directpotager.fr\/blog\/ateliers-jardinage\/","og_locale":"fr_FR","og_type":"article","og_title":"LES ATELIERS DE JARDINAGE POUR LES ENFANTS - LE BLOG","og_description":"Les ateliers de jardinage pour sensibiliser les enfants \u00e0 la nature. C\u2019est aussi un moment pour \u00e9voquer les enjeux de l\u2019\u00e9cologie","og_url":"https:\/\/www.directpotager.fr\/blog\/ateliers-jardinage\/","og_site_name":"LE BLOG","article_publisher":"http:\/\/www.facebook.com\/directpotager","article_modified_time":"2024-06-22T12:53:49+00:00","og_image":[{"url":"https:\/\/www.directpotager.fr\/blog\/wp-content\/uploads\/2023\/02\/atelier_jardinage_enfants-1024x535.jpg","type":"","width":"","height":""}],"twitter_card":"summary_large_image","twitter_site":"@dpotager","twitter_misc":{"Est. reading time":"2 minutes"},"schema":{"@context":"https:\/\/schema.org","@graph":[{"@type":"WebPage","@id":"https:\/\/www.directpotager.fr\/blog\/ateliers-jardinage\/","url":"https:\/\/www.directpotager.fr\/blog\/ateliers-jardinage\/","name":"LES ATELIERS DE JARDINAGE POUR LES ENFANTS - LE BLOG","isPartOf":{"@id":"https:\/\/www.directpotager.fr\/blog\/#website"},"primaryImageOfPage":{"@id":"https:\/\/www.directpotager.fr\/blog\/ateliers-jardinage\/#primaryimage"},"image":{"@id":"https:\/\/www.directpotager.fr\/blog\/ateliers-jardinage\/#primaryimage"},"thumbnailUrl":"https:\/\/www.directpotager.fr\/blog\/wp-content\/uploads\/2023\/02\/atelier_jardinage_enfants-1024x535.jpg","datePublished":"2022-01-25T14:58:00+00:00","dateModified":"2024-06-22T12:53:49+00:00","description":"Les ateliers de jardinage pour sensibiliser les enfants \u00e0 la nature. C\u2019est aussi un moment pour \u00e9voquer les enjeux de l\u2019\u00e9cologie","breadcrumb":{"@id":"https:\/\/www.directpotager.fr\/blog\/ateliers-jardinage\/#breadcrumb"},"inLanguage":"fr-FR","potentialAction":[{"@type":"ReadAction","target":["https:\/\/www.directpotager.fr\/blog\/ateliers-jardinage\/"]}]},{"@type":"ImageObject","inLanguage":"fr-FR","@id":"https:\/\/www.directpotager.fr\/blog\/ateliers-jardinage\/#primaryimage","url":"https:\/\/www.directpotager.fr\/blog\/wp-content\/uploads\/2023\/02\/atelier_jardinage_enfants.jpg","contentUrl":"https:\/\/www.directpotager.fr\/blog\/wp-content\/uploads\/2023\/02\/atelier_jardinage_enfants.jpg","width":1200,"height":627,"caption":"Atelier jardinage \/ atelier agriculture"},{"@type":"BreadcrumbList","@id":"https:\/\/www.directpotager.fr\/blog\/ateliers-jardinage\/#breadcrumb","itemListElement":[{"@type":"ListItem","position":1,"name":"Home","item":"https:\/\/www.directpotager.fr\/blog\/"},{"@type":"ListItem","position":2,"name":"LES ATELIERS DE JARDINAGE POUR LES ENFANTS"}]},{"@type":"WebSite","@id":"https:\/\/www.directpotager.fr\/blog\/#website","url":"https:\/\/www.directpotager.fr\/blog\/","name":"LE BLOG","description":"Direct Potager - Direct Producteur","publisher":{"@id":"https:\/\/www.directpotager.fr\/blog\/#organization"},"potentialAction":[{"@type":"SearchAction","target":{"@type":"EntryPoint","urlTemplate":"https:\/\/www.directpotager.fr\/blog\/?s={search_term_string}"},"query-input":{"@type":"PropertyValueSpecification","valueRequired":true,"valueName":"search_term_string"}}],"inLanguage":"fr-FR"},{"@type":"Organization","@id":"https:\/\/www.directpotager.fr\/blog\/#organization","name":"LE BLOG","url":"https:\/\/www.directpotager.fr\/blog\/","logo":{"@type":"ImageObject","inLanguage":"fr-FR","@id":"https:\/\/www.directpotager.fr\/blog\/#\/schema\/logo\/image\/","url":"https:\/\/www.directpotager.fr\/blog\/wp-content\/uploads\/2021\/11\/cropped-logo-baseline-v3-LEBLOG.png","contentUrl":"https:\/\/www.directpotager.fr\/blog\/wp-content\/uploads\/2021\/11\/cropped-logo-baseline-v3-LEBLOG.png","width":350,"height":113,"caption":"LE BLOG"},"image":{"@id":"https:\/\/www.directpotager.fr\/blog\/#\/schema\/logo\/image\/"},"sameAs":["http:\/\/www.facebook.com\/directpotager","https:\/\/x.com\/dpotager","https:\/\/www.instagram.com\/directpotager\/?hl=fr"]}]}},"_links":{"self":[{"href":"https:\/\/www.directpotager.fr\/blog\/wp-json\/wp\/v2\/pages\/1658","targetHints":{"allow":["GET"]}}],"collection":[{"href":"https:\/\/www.directpotager.fr\/blog\/wp-json\/wp\/v2\/pages"}],"about":[{"href":"https:\/\/www.directpotager.fr\/blog\/wp-json\/wp\/v2\/types\/page"}],"author":[{"embeddable":true,"href":"https:\/\/www.directpotager.fr\/blog\/wp-json\/wp\/v2\/users\/1"}],"replies":[{"embeddable":true,"href":"https:\/\/www.directpotager.fr\/blog\/wp-json\/wp\/v2\/comments?post=1658"}],"version-history":[{"count":22,"href":"https:\/\/www.directpotager.fr\/blog\/wp-json\/wp\/v2\/pages\/1658\/revisions"}],"predecessor-version":[{"id":3760,"href":"https:\/\/www.directpotager.fr\/blog\/wp-json\/wp\/v2\/pages\/1658\/revisions\/3760"}],"wp:attachment":[{"href":"https:\/\/www.directpotager.fr\/blog\/wp-json\/wp\/v2\/media?parent=1658"}],"curies":[{"name":"wp","href":"https:\/\/api.w.org\/{rel}","templated":true}]}}